{"id":237,"date":"2017-03-08T09:35:31","date_gmt":"2017-03-08T08:35:31","guid":{"rendered":"http:\/\/www.jc.dk\/?page_id=237"},"modified":"2025-02-24T10:27:14","modified_gmt":"2025-02-24T09:27:14","slug":"tilskudsmuligheder","status":"publish","type":"page","link":"https:\/\/www.tandkvalitet.dk\/index.php\/links\/tilskudsmuligheder\/","title":{"rendered":"Tilskudsmuligheder"},"content":{"rendered":"<ul>\n<li><strong>Et medlemsskab af sygeforsikringen Danmark er ogs\u00e5 en mulighed for at opn\u00e5 <a href=\"https:\/\/www.sygeforsikring.dk\/tilskud\/tandbehandling\" target=\"_blank\" rel=\"noopener noreferrer\">tilskud til tandbehandling<\/a>.<\/strong><\/li>\n<\/ul>\n<p>Du har mulighed for at f\u00e5 <strong>tilskud til din tandbehandling<\/strong> med op til dkr 10.000,- hvis du modtager:<\/p>\n<ul>\n<li><strong>Kontanthj\u00e6lp<\/strong><\/li>\n<li><strong>Revalideringsydelse<\/strong><\/li>\n<li><strong>Ressourceforl\u00f8bsydelse<\/strong><\/li>\n<li><strong>Uddannelseshj\u00e6lp<\/strong><\/li>\n<li><strong>Ledighedsydelse<\/strong><\/li>\n<li><strong>Integrationsydelse<\/strong><\/li>\n<\/ul>\n<p>Tandl\u00e6geforeningen har udgivet en let forst\u00e5elig pjece, der gennemg\u00e5r mulighederne.<br \/>\nDu kan <a href=\"https:\/\/www.tandlaegeforeningen.dk\/media\/15947\/pjece-82a-22102020.pdf\" target=\"_blank\" rel=\"noopener noreferrer\">l\u00e6se\/downloade pjecen her<\/a><\/p>\n<ul>\n<li><strong>Som pensionist<\/strong> har du mulighed for at s\u00f8ge <a href=\"https:\/\/www.tandlaegeforeningen.dk\/til-tandlaeger\/til-dine-patienter\/priser-og-tilskudsmuligheder\/tilskud-til-tandpleje\/voksne\/pensionister\/\" target=\"_blank\" rel=\"noopener noreferrer\">tilskud til tandbehandling<\/a> hos kommunen<\/li>\n<\/ul>\n<p><strong>S\u00e6rlige tilskud fra regionen:<br \/>\n<\/strong><\/p>\n<ul>\n<li>Har du f\u00e5et <strong>kemoterapi<\/strong> eller <strong>st\u00e5lebehandling<\/strong> p\u00e5 hoved og hals kan du s\u00f8ge <a href=\"https:\/\/www.tandlaegeforeningen.dk\/til-tandlaeger\/til-dine-patienter\/priser-og-tilskudsmuligheder\/tilskud-til-tandpleje\/voksne\/kemoterapi-eller-straalebehandling\/\" target=\"_blank\" rel=\"noopener noreferrer\">tilskud til tandbehandling<\/a><\/li>\n<li>Lider du af <strong>Sj\u00f8grens Syndrom<\/strong> kan du s\u00f8ge <a href=\"https:\/\/www.tandlaegeforeningen.dk\/til-tandlaeger\/til-dine-patienter\/priser-og-tilskudsmuligheder\/tilskud-til-tandpleje\/voksne\/sjoegrens-syndrom\/\" target=\"_blank\" rel=\"noopener noreferrer\">tilskud til tandbehandling<\/a><\/li>\n<\/ul>\n","protected":false},"excerpt":{"rendered":"<p>Et medlemsskab af sygeforsikringen Danmark er ogs\u00e5 en mulighed for at opn\u00e5 tilskud til tandbehandling. Du har mulighed for at f\u00e5 tilskud til din tandbehandling med op til dkr 10.000,- hvis du modtager: Kontanthj\u00e6lp Revalideringsydelse Ressourceforl\u00f8bsydelse Uddannelseshj\u00e6lp Ledighedsydelse Integrationsydelse Tandl\u00e6geforeningen har udgivet en let forst\u00e5elig pjece, der gennemg\u00e5r mulighederne. Du &hellip;<\/p>\n","protected":false},"author":1,"featured_media":0,"parent":48,"menu_order":0,"comment_status":"closed","ping_status":"closed","template":"","meta":{"footnotes":""},"class_list":["post-237","page","type-page","status-publish","hentry"],"_links":{"self":[{"href":"https:\/\/www.tandkvalitet.dk\/index.php\/wp-json\/wp\/v2\/pages\/237","targetHints":{"allow":["GET"]}}],"collection":[{"href":"https:\/\/www.tandkvalitet.dk\/index.php\/wp-json\/wp\/v2\/pages"}],"about":[{"href":"https:\/\/www.tandkvalitet.dk\/index.php\/wp-json\/wp\/v2\/types\/page"}],"author":[{"embeddable":true,"href":"https:\/\/www.tandkvalitet.dk\/index.php\/wp-json\/wp\/v2\/users\/1"}],"replies":[{"embeddable":true,"href":"https:\/\/www.tandkvalitet.dk\/index.php\/wp-json\/wp\/v2\/comments?post=237"}],"version-history":[{"count":15,"href":"https:\/\/www.tandkvalitet.dk\/index.php\/wp-json\/wp\/v2\/pages\/237\/revisions"}],"predecessor-version":[{"id":3476,"href":"https:\/\/www.tandkvalitet.dk\/index.php\/wp-json\/wp\/v2\/pages\/237\/revisions\/3476"}],"up":[{"embeddable":true,"href":"https:\/\/www.tandkvalitet.dk\/index.php\/wp-json\/wp\/v2\/pages\/48"}],"wp:attachment":[{"href":"https:\/\/www.tandkvalitet.dk\/index.php\/wp-json\/wp\/v2\/media?parent=237"}],"curies":[{"name":"wp","href":"https:\/\/api.w.org\/{rel}","templated":true}]}}